8571
List the prime factors of 946159.
89, 10631
What are the prime factors of 270059?
270059
What are the prime factors of 913251?
3, 304417
What are the prime factors of 7228608?
2, 3, 37649
List the prime factors of 538392.
2, 3, 22433
What are the prime factors of 9225?
3, 5, 41
What are the prime factors of 84159?
3, 1039
List the prime factors of 1417618.
2, 37, 19157
What are the prime factors of 2954600?
2, 5, 11, 17, 79
List the prime factors of 349664.
2, 7, 223
List the prime factors of 273903.
3, 7, 13043
List the prime factors of 125214.
2, 3, 41, 509
List the prime factors of 1606585.
5, 17, 41, 461
What are the prime factors of 18390?
2, 3, 5, 613
List the prime factors of 4259819.
19, 224201
What are the prime factors of 1412858?
2, 109, 6481
What are the prime factors of 94210?
2, 5, 9421
What are the prime factors of 2778721?
11, 252611
What are the prime factors of 2842966?
2, 7, 61, 3329
List the prime factors of 1935945.
3, 5, 11, 3911
List the prime factors of 4329772.
2, 1082443
What are the prime factors of 4460443?
13, 17, 20183
What are the prime factors of 1034527?
13, 79579
List the prime factors of 1883994.
2, 3, 7, 31, 1447
What are the prime factors of 138078?
2, 3, 2557
What are the prime factors of 23763?
3, 89
What are the prime factors of 3089918?
2, 13, 118843
What are the prime factors of 7104907?
23, 107, 2887
List the prime factors of 642084.
2, 3, 53507
What are the prime factors of 938470?
2, 5, 13, 7219
What are the prime factors of 1638800?
2, 5, 17, 241
What are the prime factors of 748599?
3, 249533
What are the prime factors of 238795?
5, 163, 293
List the prime factors of 1464546.
2, 3, 244091
List the prime factors of 6919826.
2, 23, 150431
What are the prime factors of 16936568?
2, 11, 192461
What are the prime factors of 5854320?
2, 3, 5, 47, 173
What are the prime factors of 203019?
3, 31, 37, 59
What are the prime factors of 9502771?
31, 306541
List the prime factors of 1877183.
7, 11, 24379
What are the prime factors of 4741227?
3, 175601
List the prime factors of 862745.
5, 13, 1021
List the prime factors of 321311.
321311
List the prime factors of 4768504.
2, 13, 3527
What are the prime factors of 10286816?
2, 103, 3121
What are the prime factors of 7975555?
5, 7, 227873
What are the prime factors of 5129700?
2, 3, 5, 17099
What are the prime factors of 773201?
11, 13, 5407
List the prime factors of 954529.
977
What are the prime factors of 1085137?
1085137
List the prime factors of 288417.
3, 127, 757
What are the prime factors of 29623956?
2, 3, 193, 12791
What are the prime factors of 3557680?
2, 5, 7, 6353
List the prime factors of 21758011.
11, 17, 307, 379
List the prime factors of 103071.
3, 17, 43, 47
List the prime factors of 1750706.
2, 191, 4583
List the prime factors of 1986345.
3, 5, 37, 1193
List the prime factors of 516404.
2, 7, 18443
What are the prime factors of 547243?
31, 127, 139
List the prime factors of 297269.
7, 42467
List the prime factors of 6886149.
3, 43, 53381
What are the prime factors of 21231364?
2, 7, 11, 29, 2377
What are the prime factors of 119661?
3, 39887
List the prime factors of 4856725.
5, 194269
List the prime factors of 24288.
2, 3, 11, 23
What are the prime factors of 561587?
13, 3323
List the prime factors of 119937.
3, 39979
List the prime factors of 24500395.
5, 47, 137, 761
List the prime factors of 45365924.
2, 127, 89303
List the prime factors of 338965.
5, 11, 6163
List the prime factors of 1254937.
163, 7699
What are the prime factors of 11391035?
5, 2278207
What are the prime factors of 5536655?
5, 109, 10159
List the prime factors of 254669.
233, 1093
List the prime factors of 21517166.
2, 11, 978053
What are the prime factors of 25800354?
2, 3, 1433353
List the prime factors of 1447955.
5, 73, 3967
What are the prime factors of 1178992?
2, 31, 2377
What are the prime factors of 107703?
3, 3989
What are the prime factors of 355037?
355037
List the prime factors of 1036611.
3, 38393
What are the prime factors of 1399527?
3, 23, 6761
What are the prime factors of 473634?
2, 3, 7, 179
What are the prime factors of 11160749?
173, 64513
What are the prime factors of 3200261?
181, 17681
What are the prime factors of 283733?
167, 1699
What are the prime factors of 271039?
131, 2069
List the prime factors of 4608502.
2, 2304251
List the prime factors of 9328815.
3, 5, 207307
List the prime factors of 12118297.
17, 712841
What are the prime factors of 338759?
17, 19927
What are the prime factors of 317337?
3, 139, 761
List the prime factors of 773661.
3, 7, 19, 277
List the prime factors of 1041993.
3, 115777
List the prime factors of 1360379.
37, 36767
What are the prime factors of 160881?
3, 7, 47, 163
What are the prime factors of 1308094?
2, 654047
List the prime factors of 17326726.
2, 1559, 5557
List the prime factors of 2164552.
2, 13, 1601
What are the prime factors of 11090752?
2, 173293
List the prime factors of 6095671.
6095671
What are the prime factors of 79769?
79769
What are the prime factors of 144877?
23, 6299
What are the prime factors of 1105102?
2, 17, 32503
List the prime factors of 4171811.
7, 19, 4481
What are the prime factors of 13510036?
2, 17, 61, 3257
List the prime factors of 22973465.
5, 73, 113, 557
List the prime factors of 2787694.
2, 7, 13, 17, 53
List the prime factors of 538197.
3, 11, 47, 347
List the prime factors of 28249420.
2, 5, 1412471
What are the prime factors of 491307?
3, 389, 421
List the prime factors of 16018633.
277, 57829
List the prime factors of 69187.
43, 1609
List the prime factors of 1807726.
2, 229, 3947
What are the prime factors of 3001160?
2, 5, 75029
List the prime factors of 10767541.
211, 51031
List the prime factors of 1709364.
2, 3, 181, 787
What are the prime factors of 939158?
2, 11, 42689
List the prime factors of 4106146.
2, 11, 17, 10979
What are the prime factors of 113710?
2, 5, 83, 137
What are the prime factors of 23387286?
2, 3, 13, 439, 683
What are the prime factors of 2803736?
2, 13, 26959
What are the prime factors of 483914?
2, 131, 1847
List the prime factors of 132675.
3, 5, 29, 61
What are the prime factors of 1688831?
17, 41, 2423
What are the prime factors of 410581?
59, 6959
List the prime factors of 16230.
2, 3, 5, 541
What are the prime factors of 7268879?
29, 47, 5333
List the prime factors of 889441.
7, 61, 2083
List the prime factors of 474363.
3, 17569
What are the prime factors of 485914?
2, 11, 13, 1699
What are the prime factors of 6680399?
11, 607309
List the prime factors of 1312288.
2, 23, 1783
List the prime factors of 1085141.
1085141
What are the prime factors of 2947110?
2, 3, 5, 193, 509
List the prime factors of 209934.
2, 3, 107, 109
List the prime factors of 20894.
2, 31, 337
List the prime factors of 356067.
3, 39563
List the prime factors of 35626043.
401, 88843
List the prime factors of 18416618.
2, 11, 271, 3089
What are the prime factors of 1622874?
2, 3, 11, 67, 367
What are the prime factors of 299602?
2, 59, 2539
What are the prime factors of 373717?
373717
What are the prime factors of 1761632?
2, 55051
List the prime factors of 6631075.
5, 11, 24113
What are the prime factors of 8448434?
2, 577, 7321
List the prime factors of 2915331.
3, 71, 13687
List the prime factors of 11103133.
11103133
List the prime factors of 1496016.
2, 3, 3463
What are the prime factors of 8265960?
2, 3, 5, 22961
List the prime factors of 1308776.
2, 7, 23371
What are the prime factors of 11503397?
347, 33151
List the prime factors of 2343035.
5, 97, 4831
List the prime factors of 2898867.
3, 983
What are the prime factors of 954386?
2, 439, 1087
What are the prime factors of 226012?
2, 56503
List the prime factors of 13697640.
2, 3, 5, 11, 1153
What are the prime factors of 3943546?
2, 197, 10009
What are the prime factors of 309166?
2, 11, 13, 23, 47
List the prime factors of 431828.
2, 89, 1213
List the prime factors of 163300.
2, 5, 23, 71
What are the prime factors of 685348?
2, 31, 5527
What are the prime factors of 35662504?
2, 4457813
What are the prime factors of 4743241?
4743241
List the prime factors of 3668323.
31, 73, 1621
What are the prime factors of 337189?
337189
List the prime factors of 223932.
2, 3, 18661
List the prime factors 